Let j(h) = h**3 + 16*h**2 - 7*h - 2. List the prime factors of j(m).
2, 61
Suppose -94 = z - 99. Suppose z*a - 9*a = 240. Let w = a + 112. What are the prime factors of w?
2, 13
Suppose 0 = 4*c + 5*c - 324. Suppose -8*j + c = -14*j. List the prime factors of ((-10)/j)/(4/(0 + 276)).
5, 23
Let b(m) = 5*m**3 - 8*m**2 - 5*m - 3. Let h be b(6). Let o = h - 489. Suppose 65 = -5*v + o. List the prime factors of v.
41
Let b(v) = v**2 - 3*v + 2. Let h be b(1). Suppose 2*x - 75 - 435 = h. What are the prime factors of x?
3, 5, 17
Let j(m) = 3*m**2 - 23 - 7*m**2 + 11 + 3*m**2 - m. Let g be j(5). Let k = g + 255. What are the prime factors of k?
3, 71
Let s(k) = 26*k - 43. Let z be s(-9). Let c = 694 + z. What are the prime factors of c?
3, 139
What are the prime factors of 3165385/411 - (-1 - (-2)/3)?
2, 3851
Suppose 0 = 12*o - 38*o + 78. Suppose 0 = -o*j + 324 + 222. List the prime factors of j.
2, 7, 13
What are the prime factors of (-208740)/(-24) - (-9)/(-18)?
3, 13, 223
Let w = 25 - 20. Suppose -c = -6 + w. List the prime factors of 2/((-36)/(-32) - c).
2
Suppose 15*k = -23*k + 292106. What are the prime factors of k?
7687
Suppose 2*l + 2*r = 16, 0 = 2*l - 6*l + r + 27. Suppose 0 = l*s - 320 - 583. List the prime factors of s.
3, 43
Let w = -15 + 42. Suppose b - w = -27. Suppose b = y + 57 - 166. What are the prime factors of y?
109
Let c = 85 - 93. Let n = 37 - c. Let f = -34 + n. What are the prime factors of f?
11
Let d be (-20)/(5/(-5) - 0). Suppose -k - 2986 = -5*q + 84, 4*k = d. List the prime factors of q.
3, 5, 41
Let c = 20759 - 3921. List the prime factors of c.
2, 8419
Let f(q) = q**3 + 23*q**2 - 183*q - 36. What are the prime factors of f(-28)?
2, 73
Let h be 0 + 1 - (-1370 - (10 - 5)). Suppose 3*s = 3*g - 1005, -16*g = -20*g - 5*s + h. What are the prime factors of g?
3, 113
Let o = 15 + 4. Suppose -20*r = -o*r. Suppose 0 = -5*t - 25, 0 = 3*h - 3*t - r*t - 168. List the prime factors of h.
3, 17
Let q = 5799 - -14673. Suppose -89*x + 77*x + q = 0. List the prime factors of x.
2, 853
Let v = -12216 + 27387. List the prime factors of v.
3, 13, 389
Suppose -714 = -4*l + z + 255, 4*l - 974 = 2*z. Let i = l + -168. Let y = i + -45. What are the prime factors of y?
2, 7
Suppose -d + 50 = 15. Suppose 4*o - d = p, 4*p = -o - 0*o + 30. Suppose -4*a - z - 418 = -8*a, o = -5*z. List the prime factors of a.
2, 13
Let z(b) = -b**2 - 139*b + 89. What are the prime factors of z(-78)?
37, 131
Suppose -131 = 2*q + 3*r, -4*q - 212 = -0*r - 4*r. Let y = 188 + q. Suppose y = z - 6. List the prime factors of z.
2, 17
Let y = 67464 - -17993. List the prime factors of y.
97, 881
Let v(t) be the third derivative of -t**6/24 + 5*t**4/24 + 11*t**3/6 + 26*t**2 - 2. List the prime factors of v(-4).
311
Suppose -4*u + 69 = r + u, -r + 3*u + 93 = 0. Let x = r + -22. What are the prime factors of x?
2, 31
Let p = -2022 + 9657. What are the prime factors of p?
3, 5, 509
Let k = 13766 - 226. List the prime factors of k.
2, 5, 677
Let v(j) = -20*j - 41. Let t(b) = 141*b + 285. Let o(i) = 4*t(i) + 27*v(i). List the prime factors of o(4).
3, 43
Let r = 24355 - -42814. List the prime factors of r.
67169
Suppose 0 = -4*x - 20, 2*x = -74*n + 78*n - 14290. What are the prime factors of n?
2, 3, 5, 7, 17
Let u(n) = n**3 - 290*n + n**2 - 10 - 14*n**2 + 309*n. What are the prime factors of u(15)?
5, 29
Let g(x) = -x**2 - 8*x. Let d be g(-8). Suppose a + 2*a + 2*r = d, -r - 3 = 0. What are the prime factors of (-29417)/(-230) + a/20?
2
Suppose 5*o - o - 3*f + 17 = 0, 2*o = 2*f - 10. Let b be (10/6)/(3*o/(-666)). Let l = b + -68. What are the prime factors of l?
3, 13
Suppose 21*z - 6254 = 30*z - 36305. List the prime factors of z.
3, 7, 53
Let l(k) be the third derivative of -7*k**4/8 + 10*k**3/3 - k**2. Suppose 0 = u - i + 2, u + 4*i - 2*i = -11. What are the prime factors of l(u)?
5
Suppose 2*m = -5*w + 75465, w + 103928 + 9210 = 3*m. List the prime factors of m.
5, 19, 397
Let g(k) = -15*k**2 + 8*k**2 - 13*k + 3*k**2 + 8*k**2 + 54. List the prime factors of g(8).
2, 103
Let r(l) = -12 - 10*l - 11 - 10 + 2. Let m be r(-4). What are the prime factors of 1074/m + (-8)/(-12)?
2, 3, 5
Suppose 4*u - 6*u = -4. Suppose n - f - 8 = -2*n, -3*n + 10 = -u*f. Suppose -211 = -n*q + 2*l - 5*l, -5*l - 251 = -2*q. What are the prime factors of q?
113
Let t = 4751 - -4051. What are the prime factors of t?
2, 3, 163
List the prime factors of (0 + -3)/((-974389)/40599 - -24).
3, 347
Let z = -16027 - -33211. List the prime factors of z.
2, 3, 179
Suppose -125*m + 6*m - 102*m + 970632 = 0. What are the prime factors of m?
2, 3, 61
Suppose -2*s - 20 = -a, 0 = 5*a - 5*s - 65 - 10. Suppose 5*p + 5*m + a = 0, -5*p + 3*m = m - 4. Suppose p = 3*c + 33 - 255. List the prime factors of c.
2, 37
Suppose -t - 6*r = -2*r - 1, -t + 4*r = -1. Let q(s) be the second derivative of 49*s**3/3 + s**2/2 + 5*s. What are the prime factors of q(t)?
3, 11
List the prime factors of 29 + -24 + 20216 + -2 + -2.
3, 23, 293
Let l(y) = -2*y**3 + 6*y**2 + 2*y - 6. Let g be l(3). Suppose 45*p - 42*p - 930 = g. Let f = 481 - p. List the prime factors of f.
3, 19
Let s(m) = -m + 21. Let i = -42 + 54. Let p be s(i). Suppose y = -2*c - 2 + p, -3*c = 5*y - 49. List the prime factors of y.
11
Suppose -143*u - b = -139*u - 7010, 3*b - 7006 = -4*u. What are the prime factors of u?
1753
Suppose -212768 = -4*u - 2*t, 0 = -24*u + 20*u + 5*t + 212726. List the prime factors of u.
53189
Let w(x) be the third derivative of -x**5/60 + 23*x**4/24 + 26*x**3/3 + 5*x**2 + 10. Let g = 0 + 24. List the prime factors of w(g).
2, 7
Suppose 0*y + 468 = -5*y + 4*f, -3*f - 489 = 5*y. Let j = y + 198. What are the prime factors of j?
2, 3, 17
Let p be 730/4 - 4/8 - 4. Suppose 0 = -4*o - p + 1606. What are the prime factors of o?
3, 7, 17
Let w be (-2 - -1261) + 55/(-11). Let b = w + -768. What are the prime factors of b?
2, 3
Let w = -200 - -203. Suppose w*d + 6*z - z - 526 = 0, z = 2*d - 355. List the prime factors of d.
3, 59
Let h(d) = -2*d + 43. Let w be h(16). Suppose -a - 4*i = -w, 5*a + 3*i = -7 - 6. What are the prime factors of 1058/6 + a*6/90?
2, 11
Let k be ((-7)/2)/((-2)/4). List the prime factors of 3144/k - ((-135)/35 - -4).
449
Suppose 58*j - 19*j - 384973 - 256811 = 0. What are the prime factors of j?
2, 11, 17
Let v = -6951 - -14094. What are the prime factors of v?
3, 2381
Let m(f) = 416*f + 58. Let k(r) = 3*r + 65. Let d be k(-21). List the prime factors of m(d).
2, 5, 89
Suppose 0 = -3*a - m + 11106, 14*m - 11082 = -3*a + 17*m. What are the prime factors of a?
2, 5, 37
Let v(x) = x**3 + 7*x**2 - 18*x + 3. Let p be v(-9). Let r(d) = 3*d**p + 4 - 44*d**2 + 86*d**2 - 41*d**2 - 6*d. What are the prime factors of r(3)?
2, 19
What are the prime factors of ((-9)/(-9) - -4) + 7784 - 8?
31, 251
Let o be (7/(-5))/(1/5). List the prime factors of (-3377)/o + (-55)/(-35) + -2.
2, 241
Let f be 3 + 0 + (-5 - -3 - 2). Let l(a) = -112*a**3 + a**2 - a - 1. Let j be l(f). Let d = j + -75. List the prime factors of d.
2, 19
Let k(i) = -25 - 36*i - 7 - 3 + 11. Let h be k(-19). Suppose -4*s - h = -4*l, -2 - 2 = -4*s. List the prime factors of l.
2, 83
Let p(f) = f**2 - 9*f + 17. Let h be p(7). Suppose 0 = -4*k - 5 - 11, h*k = -3*g + 441. List the prime factors of g.
151
Let g be -9*1*10115/(-357). Let q(n) = 61*n - 5. Let t be q(6). Let p = t - g. List the prime factors of p.
2, 53
Suppose -2*s - 5*o + 2728 = -o, -5436 = -4*s - 3*o. Suppose -j - k + 351 = -5*k, 4*j = 4*k + s. What are the prime factors of j?
5, 67
Suppose -61*f = -28*f - 110220. What are the prime factors of f?
2, 5, 167
Let j = 265 - 263. List the prime factors of (-1328)/(-44) - j/11.
2, 3, 5
Suppose 0 = -67*f + 1911606 + 1095555. What are the prime factors of f?
3, 4987
Let z be -94 + 0*(-3)/(9/3). Let q be z/(-18) + (-6)/27. What are the prime factors of (-622)/(-6) + q + (-66)/18?
3, 5, 7
Suppose 11*k = -223 - 701. List the prime factors of (-247)/2*(k + 82).
13, 19
Suppose -631*i + 616*i = -105045. List the prime factors of i.
47, 149
Let m = -262 - -257. Let h = 262 + m. List the prime factors of h.
257
Let j = 168 + -166. What are the prime factors of (2/(-10) + 3123/90)*j?
3, 23
Let i(s) = -7*s**2 - 15*s - 5. Let w(k) = -k**2 + 1. Let z(o) = -i(o) + 5*w(o). Let n be z(-7). S